nder when 40 is divided by z?
12
Suppose -4*n - 3*c + 47 + 62 = 0, -4*n + 3*c = -115. Suppose 0*w + 246 = 3*w. Suppose u - 1 - w = 0. What is the remainder when u is divided by n?
27
Let s be (-12)/(-8)*(-28)/(-6). Suppose 4*p - 38 = -4*y + p, 0 = -y - 2*p + s. Suppose 17*v - 3*v = 266. Calculate the remainder when v is divided by y.
8
Suppose -4*y + 301 + 531 = 0. Suppose -y = -3*n - 5*d, 5*n - d = 3*d + 359. What is the remainder when n is divided by 18?
17
Suppose 0 = -2*z + 39 + 55. Calculate the remainder when z is divided by 31.
16
Let o be (20/50)/(2/(-30)). Let m(x) = x**2 - 2*x - 5. Let q = 8 + 3. What is the remainder when m(o) is divided by q?
10
Suppose 95 = 2*u - 3*i, 2*i + 141 = 3*u - 3*i. Calculate the remainder when u is divided by 18.
16
Let c = 24 + -20. Suppose -4*l + 3*g = -22, 0 = -2*l + c*g - g + 8. Calculate the remainder when l is divided by 2.
1
Suppose -2*v + v + 2*n = 5, -4*v - 26 = -5*n. Let m(y) = 8*y + 4. Let t be m(-4). Let p = v - t. Calculate the remainder when p is divided by 5.
4
Suppose -41 = -3*b - 0*b + 4*y, 48 = 4*b - 4*y. Let x = -66 - -77. What is the remainder when x is divided by b?
4
Suppose 0 = 2*g + 8*p - 7*p - 81, 5*p = 4*g - 127. What is the remainder when 296 is divided by g?
30
Suppose -3*c + 8*c + 25 = 0. Let a be 4/c*85/34. What is the remainder when 80 is divided by (a - -28)*1 + 1?
26
Let v(o) = -o**2 - 2*o + 178. What is the remainder when v(0) is divided by 48?
34
Let z(g) = 5*g + 134. Calculate the remainder when z(0) is divided by 23.
19
Let f be 0 + (-10)/(-5) + 23. Suppose 4*h - f = 43. Calculate the remainder when 99 is divided by h.
14
Let x(h) = -226*h**3 + 12*h**2 + 1. What is the remainder when x(-1) is divided by 120?
119
Suppose -65 = -4*m + 15. Let f = 25 + m. Suppose -19 - 45 = -4*i. What is the remainder when f is divided by i?
13
Let p = -654 - -697. What is the remainder when p is divided by 23?
20
Let w(b) = 16*b**2 - 1. Let l(y) = -y**3 + y**2 + 3*y - 1. Let j be l(2). Calculate the remainder when 24 is divided by w(j).
9
Suppose 2*p = -2 - 0. Let k be (-3 - (-3)/3) + 0. What is the remainder when (k/(-4))/(p/(-40)) is divided by 7?
6
Let l(b) = b**2 + 6*b - 21. What is the remainder when l(4) is divided by 11?
8
Let n(r) = 79*r - 217. Calculate the remainder when n(7) is divided by 19.
13
Let m = 31 + 9. Calculate the remainder when m is divided by 22.
18
Let m = -551 - -592. Calculate the remainder when 169 is divided by m.
5
Suppose 17 - 377 = -8*l. What is the remainder when l is divided by 4?
1
Suppose -27 = -4*v - 11. Let c(h) = -5*h - 14. Let g be c(-4). Let o = g + 3. What is the remainder when o is divided by v?
1
Let u(v) = v**2 + 7*v - 12. Let x(m) = 6*m**2 + 36*m - 61. Let b(p) = -11*u(p) + 2*x(p). What is the remainder when 20 is divided by b(4)?
2
Suppose 2*i - 5*s = -2*i - 8, 0 = 2*i + s + 18. Let k(n) = -n**2 - 9*n - 8. Calculate the remainder when 17 is divided by k(i).
5
Let u(n) = -n**3 + 10*n**2 + 2*n - 7. Let f(q) = -q. Let d be f(-10). Suppose 0*p = -4*p + 144. What is the remainder when p is divided by u(d)?
10
Let n = -22 + 37. Suppose 0 = 4*o - 0*o - 68. Let m = o + 9. Calculate the remainder when m is divided by n.
11
Suppose -o = 5*o + 480. Let z = -65 - o. What is the remainder when 22 is divided by z?
7
Let p(x) = 31*x - 240. Calculate the remainder when 70 is divided by p(9).
31
Suppose -40 + 144 = 2*r. Let f(c) = c**2 - 7*c - 7. Let x be f(-4). Let o = -19 + x. What is the remainder when r is divided by o?
16
Suppose 12*m = 14*m + r - 41, -2*m = 5*r - 29. What is the remainder when 855 is divided by m?
19
Let m = 848 + -641. Calculate the remainder when m is divided by 14.
11
Calculate the remainder when 321 is divided by (90/40)/9 + 46/8.
3
What is the remainder when (-12)/(-21) - 95510/(-140)*2 is divided by 19?
16
Let p be (3 + -81)*(-4)/8. Let r = p + -23. Suppose -5*v = -9 - r. Calculate the remainder when v is divided by 3.
2
Let u = -14 - -27. Let r be (-4)/4*(-1 + -4). Suppose -r*l + 25 = -7*t + 3*t, -2*t = 0. Calculate the remainder when u is divided by l.
3
Suppose 0 = 4*a - 21 + 1. Suppose -8*f + 9*f = a. Suppose -132 = -f*c - 57. Calculate the remainder when c is divided by 9.
6
Let v(o) = -3*o**3 - 26*o**2 - 24*o - 27. Calculate the remainder when v(-9) is divided by 25.
20
Calculate the remainder when ((-15)/(315/(-14)))/((-6)/(-1251)) is divided by 13.
9
Let p = 26 - 21. Suppose -2*h + p*o = 82, 2*o - 13 - 29 = h. Let d = -31 - h. What is the remainder when d is divided by 6?
3
Suppose -3*c = -3*f + 249, -5*c = 3*f - 0*c - 273. Calculate the remainder when f is divided by 11.
9
Let r(w) = 5*w + 35. Calculate the remainder when r(-5) is divided by 6.
4
Suppose -85*r = -3091 + 371. What is the remainder when 38 is divided by r?
6
Suppose 3*k = j - 10, 3*j + 61 = -5*k + 77. Suppose -5*q + 2 = 2*n - 24, 0 = -2*n - q + 10. Calculate the remainder when j is divided by n.
1
Suppose 0 = 4*w - w - 48. Suppose -62*t + 60*t + 5*m + 75 = 0, 0 = 4*t - 2*m - 110. What is the remainder when t is divided by w?
9
Suppose -377 - 83 = 2*o. Calculate the remainder when 150 is divided by (-3)/(-9)*-1 + o/(-6).
36
Let p = 297 - 173. Suppose 335 = 17*d - p. Calculate the remainder when d is divided by 18.
9
Suppose -16*g - 16 = -20*g. Calculate the remainder when g is divided by 3.
1
Let w = -42 + 75. Suppose -32*m - 43 = -w*m. What is the remainder when m is divided by 11?
10
Let z be 4/12*(6 + 9). Suppose p - 5*f + 0*f - 23 = 0, z*p - 115 = -2*f. What is the remainder when p is divided by 2?
1
Let i(k) = 2*k**2 - 15*k + 10. Calculate the remainder when i(8) is divided by 4.
2
Suppose -18 = 73*g - 79*g. Suppose 2*f = 4*s - 98, 0*s - g*f = -4*s + 103. Calculate the remainder when 39 is divided by s.
17
Let m(n) = 7*n - 77. Let b be m(12). Suppose -5*s + 213 + b = 0. What is the remainder when s is divided by 12?
8
Let f = 49 + -37. Let r(v) = 8*v - 6*v**2 + f + 4*v**3 - 2*v**3 - 4*v**3 + 3*v**3. What is the remainder when 105 is divided by r(5)?
24
Calculate the remainder when (-6)/12*(1 + (-4 - 261)) is divided by 18.
6
Let m(v) = 11*v + 171. Calculate the remainder when m(-14) is divided by 2.
1
Let z(r) = -r**2 + 14*r - 31. Let y = 85 + -76. What is the remainder when z(y) is divided by 8?
6
Suppose 5*h - x - 17 = 0, -2*x = 3*h - 6*x. Suppose -z + 8 = h. Calculate the remainder when 31 is divided by z.
3
Let h(i) = -i**3 + 25*i**2 + i + 30. Let l be (-4)/(-10) + ((-196)/(-10) - -5). Calculate the remainder when h(l) is divided by 14.
13
What is the remainder when 50 is divided by (-1 - 5*28/12)*-3?
12
Suppose -48 + 165 = 5*w - 4*j, 2*w - j - 48 = 0. Suppose -8*m + 6*m + 198 = 0. Calculate the remainder when m is divided by w.
24
Let y(r) = -3*r - 6. Let f be y(-6). Calculate the remainder when (-4)/(-6)*3/f*474 is divided by ((-6)/(-4))/((-3)/(-32)).
15
Suppose -3*g + r = -24, -g - 6*r = -3*r + 2. Suppose 62 = g*b - 1. Calculate the remainder when 124 is divided by b.
7
Let j = -2208 - -2358. What is the remainder when 610 is divided by j?
10
Let l(y) = -26*y + 13. Let x be l(4). Calculate the remainder when 133 is divided by x/(-2) - (-4)/16*-2.
43
Let c(n) = 570*n**2 + 34*n + 34. Calculate the remainder when c(-1) is divided by 41.
37
Let k(o) = -o**2 - 29*o - 191. Calculate the remainder when 201 is divided by k(-16).
14
Let c = 264 - 288. Suppose 1 = j, -3*a + 7*a - 5*j + 193 = 0. Let p = c - a. What is the remainder when p is divided by 13?
10
Let n be -1 + 3/(-3) - -8. Let i = n - -22. Calculate the remainder when 888/16 + (-3)/6 is divided by i.
27
Suppose j + 2*s = 0, 0 = -4*j - 3*s - 3 + 18. Suppose r = -j + 14. Suppose 5*v = r + 7. Calculate the remainder when v is divided by 3.
0
Let r(d) = 5*d + 202. Calculate the remainder when 95 is divided by r(-32).
11
Suppose -2*z + 152 = 3*l, 3*z = -3*l + 93 + 63. What is the remainder when l is divided by 20?
8
Suppose -2*n - 2 = -10. Suppose n*c = 2*c + 12. Suppose 2*t = 3*t - 3. What is the remainder when c is divided by t?
0
Let u be 9/(-5) + 8/(-40). Calculate the remainder when 40 is divided by 0 - 2 - u/(4/26).
7
Suppose -5*d + 203 = -h - 28, -4*d + 4*h + 188 = 0. Calculate the remainder when -3*(-1)/15 + (-18984)/(-105) is divided by d.
43
Let y = 9 + -1. Let f(c) = c**3 - 6*c**2 -